 -5*j + 230490, 77*b - 57633 = 76*b + 4*j. What is the units digit of b?
5
Let m(c) = -c + 20. Let y be m(0). Let s = -290 - -345. Let x = s - y. What is the tens digit of x?
3
Let c be 54/135 + 13/5. Suppose -2*r = -l - 8, 0 = c*r - 2*r - 2*l - 10. Suppose 184 = 5*t + 4*o, -8 = r*o - 0*o. What is the units digit of t?
0
Let p(y) = -326*y - 26. Let w be p(2). Let x = -237 - w. What is the tens digit of x?
4
Suppose 50 - 14 = 3*z. Let u = 142 - z. Suppose -u = -a - a. What is the tens digit of a?
6
Let r(v) = 144*v**2 - 77*v - 477. What is the hundreds digit of r(-12)?
1
Let n = 63290 + -35177. What is the tens digit of n?
1
Suppose 2*g = -5*o + 385, g - 145 = -4*o + 52. Let i = -81 + 143. Let f = g - i. What is the tens digit of f?
2
Suppose -2*p = -4*r - 7850, 3*r = -3*p + 15626 - 3842. Suppose 0 = 5*v - c - c - p, c - 3152 = -4*v. What is the hundreds digit of v?
7
Let b be (112 + 13)*4/30*18. What is the hundreds digit of ((-981)/15)/((-20)/b)?
9
Let d(b) = 2*b**2 - 62*b - 2512. What is the hundreds digit of d(-70)?
6
What is the thousands digit of (-5)/(-50) - (-17991)/180*62?
6
Suppose 0 = -10*h + 37*h + 135. Let u(r) = -116*r - 2. What is the tens digit of u(h)?
7
What is the hundreds digit of 11922/(-4)*198/27*-1?
8
Suppose -47 = -10*i + 3. Let d(w) = 2*w + 2*w**2 - 20 - 4*w + w + 0*w. What is the units digit of d(i)?
5
Let y(d) = -4*d + 5620. What is the hundreds digit of y(-158)?
2
Let j be (-412)/20 + 2/20*-4. Let z(u) = u. Let o(k) = -5*k - 71. Let b(s) = o(s) - z(s). What is the tens digit of b(j)?
5
Let o(g) = -2*g**3 - 17*g**2 - 38*g - 227. What is the thousands digit of o(-16)?
4
Suppose -q - 5*f + 0*f - 25 = 0, -3*q + 3*f = -15. Suppose -5*y - 10 = q, -5*x + 4*x + 1604 = 3*y. Suppose -9*a + 16*a = x. What is the tens digit of a?
3
Suppose 2*j + 274 = 3*k - 2*k, 4*k + 422 = -3*j. Let h = -97 - j. What is the units digit of h?
1
What is the thousands digit of (1 - 3244615/(-105)) + (-126)/1323?
0
Let h(g) = 1329*g**2 + 871*g + 5223. What is the hundreds digit of h(-6)?
8
Suppose 13*m = 3*c + 48669 + 25497, 5*m + c - 28534 = 0. What is the thousands digit of m?
5
Suppose 0 = 63*y + 179*y - 905080. What is the thousands digit of y?
3
Let m be 5470/16 - (-2)/16. Let r = 437 - m. What is the tens digit of r?
9
Let k(y) be the third derivative of -y**6/120 + y**5/60 + 1063*y**3/6 - 4*y**2 + 3*y. What is the hundreds digit of k(0)?
0
What is the hundreds digit of (-17372)/(-10)*75/30?
3
Suppose 0 = -5*h + h + 620. Let u = -85 + h. Let b = u + 10. What is the tens digit of b?
8
Suppose 6 = -227*l + 230*l. Suppose l*d - 545 - 85 = 0. What is the hundreds digit of d?
3
Suppose -4*h = -3*w + 3973, -4*w - 55*h + 5299 = -60*h. What is the thousands digit of w?
1
Let p be (-4)/(-24) + (-99)/(-54). Suppose -2*u + 5*u = 15, -2148 = -p*a - 2*u. What is the hundreds digit of a?
0
Let j(b) = -3*b**2 + 4*b + 152. Suppose -11*m = -2*m - 30*m. What is the units digit of j(m)?
2
What is the ten thousands digit of 29933 - (14 + 154/(-11))?
2
Suppose -54769 - 46805 = -11*j. What is the tens digit of j?
3
Let n be (-4)/(-16) - 33/(-12). Suppose 4*a - 2*a - 16 = 5*y, n*a + 4*y = 1. What is the tens digit of 32/a - 6/9?
1
Let k be ((-91)/(-2))/((-6)/(-60)). Let u = 986 - k. What is the units digit of u?
1
What is the units digit of 2/(-7) + 54414*36/378?
2
Let z = 224 - 221. Suppose 7*l - 4*l - 1059 = -z*b, -1413 = -4*l - 3*b. What is the units digit of l?
4
Suppose 44*o = -64*o + 112*o - 5280. What is the units digit of o?
0
What is the hundreds digit of ((-574)/189 - -3)*6 - (-247076)/36?
8
Suppose 10 = 3*x + 3*m - 23, 5*x + 4*m = 52. Suppose x*c - 24*c = -10928. What is the units digit of c?
3
Let f(o) = -6*o**2 + o - 4. Let t be f(-4). Let z be 2835/(-91) + (-6)/(-39). Let v = z - t. What is the units digit of v?
3
Let g(r) = -23*r - 38 + 56*r - 20*r. Let x be g(20). Suppose 4*h - h - x = 0. What is the units digit of h?
4
Let l(r) = -4*r**2 + 5*r + 25. Let u(b) = -3*b**2 + 4*b + 24. Let v(z) = 2*l(z) - 3*u(z). Let w be v(6). Suppose w*k + 204 = 8*k. What is the units digit of k?
4
Let x be (-3)/(-1) - 1*28. Let u(p) = -p**2 - 37*p - 55. What is the units digit of u(x)?
5
Suppose -4*t + 26 = 4*q + 10, -5*t - 3*q = -18. Let u be t/(-15)*-5 - -849. Suppose 0*d - 5*d - 203 = -i, 4*i - u = d. What is the units digit of i?
3
Let f = -39 - -45. Let x(n) = f*n - n + 26 - 4*n. What is the tens digit of x(12)?
3
Let p = -87714 + 132919. What is the thousands digit of p?
5
What is the units digit of (24/(-10))/(474678/43155 + -11)?
6
Let s(c) = c**3 - 20*c**2 - 17*c + 11. Let l be s(21). Suppose 80 = 5*z - 4*y - 69, 3*z - y - l = 0. Let h = z + 77. What is the hundreds digit of h?
1
Suppose 25*q = 644 + 256. Suppose 77*i = q*i + 5207. What is the hundreds digit of i?
1
What is the units digit of ((-3000206)/22)/(-5 - 0) + (-2)/(-5)?
5
Let w(b) = 54*b**2 - 2*b + 303. What is the units digit of w(16)?
5
Let j(s) = s**3 + 14*s**2 - 17*s - 33. Let f be j(-15). Let d(t) = 17*t**2 + 4*t - 7. What is the hundreds digit of d(f)?
1
Suppose 330 + 58 = -2*x. Let d = 139 + x. Let b = 147 + d. What is the units digit of b?
2
Let w(s) = -s**3 + s**2 - 3*s + 1. Let c be w(3). Let t = c - -30. Suppose t*v + 4 = 32. What is the units digit of v?
7
Let j be (12/(-54)*3)/(2/72). Let t(c) = c**2 + 19*c + 54. What is the units digit of t(j)?
4
Let m = -20186 - -35800. What is the hundreds digit of m?
6
Let d = 757 - 369. Let z = 1172 - d. What is the tens digit of z?
8
Suppose 273*v - 269*v = -5*b + 152569, -2*b + 4*v = -60994. What is the tens digit of b?
0
Suppose 11*d + 18 = 17*d. Suppose -2 = -k, -d*o = 7*k - 5*k - 1. What is the units digit of o + 0 - (-175 + 18)?
6
What is the tens digit of 8361 - 3*55/(-33)?
6
Suppose 34 = -4*w - 2*i, -3*i + 5 + 54 = -5*w. Let s be ((-694)/w - (-8)/(-20)) + 2. Let t = 51 + s. What is the hundreds digit of t?
1
Suppose 0 = 2*d + 7 + 127. Let g be 15/((0 + 24/(-52))/4). Let s = d - g. What is the tens digit of s?
6
What is the thousands digit of (-16887)/(-8) + (-305)/(-2440)?
2
Suppose 5*j + 537 = 2*l, -j + 1041 = 6*l - 2*l. Let g = -107 + l. Suppose 4*s = 2*k - g, -4*k + 102 = 4*s - 182. What is the tens digit of k?
7
Let u = -35 + 42. Let y(p) = 4*p**3 + 21*p**2 - 21*p - 22. Let z(d) = -d**3 - 7*d**2 + 7*d + 7. Let a(j) = u*z(j) + 2*y(j). What is the tens digit of a(6)?
1
Let g(b) be the third derivative of b**6/120 - b**5/20 - 7*b**4/12 - 23*b**3/3 + 44*b**2. What is the units digit of g(9)?
4
What is the hundreds digit of ((-1)/8*6)/(6/(-105176))?
1
Let s = 163 + -146. Suppose s*w - 2920 = 9*w. What is the tens digit of w?
6
Suppose 0 = -15*k - 6063 + 6138. Let q be 4/(-14) + 2/7. Suppose q*l = -3*l - k*g + 324, -5*g - 216 = -2*l. What is the tens digit of l?
0
Let i be 3*((-188)/3 + (-6)/(-1)). What is the tens digit of 34/i + (-5)/(75/(-768))?
5
Let u(m) = 458*m**2 + 3*m - 3. Let g be u(1). Let p = g + -191. Suppose -4*b + 801 = 3*l - b, 0 = -l + b + p. What is the units digit of l?
7
What is the hundreds digit of ((-57789)/27)/(-2*1) - 27/162?
0
Let d(z) = 46*z + 708. What is the hundreds digit of d(46)?
8
Let i(l) = l - 15. Let p be i(22). Suppose -f - 6 = 2*h, 2*f - p*f = -4*h - 12. What is the tens digit of -3*(78/(-9) + (h - 0))?
3
Let n(u) = -112*u - 3. Let r = -164 - -163. What is the units digit of n(r)?
9
Let u(l) = -l**3 - 2*l**2 - 1. Let h(j) = 3*j**3 - 11*j - 4. Let a(v) = h(v) + 4*u(v). What is the hundreds digit of a(-9)?
1
Let z(u) = 646*u**2 - 7*u - 41. What is the thousands digit of z(-7)?
1
Let j = 244 - 237. Let w(p) = 22*p**2 + 12*p - 102. What is the units digit of w(j)?
0
Let o(f) = -f**2 - 29*f + 171. What is the tens digit of o(-32)?
7
Let v(p) = -77*p**3 - 5*p**2 - 3*p - 26. What is the units digit of v(-5)?
9
Let g be 9*1/(-3)*-1*368. Suppose 2184 = 4*d - 2*t, 0*t - 4*t = -2*d + g. What is the tens digit of d?
4
Let n be 1794/12*(-2 - -8). Suppose 783 + n = 5*d. Suppose -d = k - 3*k. What is the hundreds digit of k?
1
Let r = -349 - -611. Let q(x) = -39*x**2 + 7*x + 17. Let l be q(-2). Let u = l + r. What is the units digit of u?
9
Suppose -5*p = -5*s + 51295, 607*p - 603*p = 12. What is the thousands digit of s?
0
Suppose 2583208 + 7217072 = -103*a + 271*a. What is the ten thousands digit of a?
5
Let j be 